{"id":1103,"date":"2024-01-25T11:09:24","date_gmt":"2024-01-25T17:09:24","guid":{"rendered":"https:\/\/sferalegal.com\/services\/migracao\/"},"modified":"2026-03-10T09:09:07","modified_gmt":"2026-03-10T15:09:07","slug":"migracao","status":"publish","type":"services","link":"https:\/\/sferalegal.com\/pt-pt\/servicios\/migracao\/","title":{"rendered":"Migra\u00e7\u00e3o"},"content":{"rendered":"<ul>\n<li>Assessoria legal em assuntos migrat\u00f3rios<\/li>\n<li>Resid\u00eancia para pensionistas<\/li>\n<li>Resid\u00eancia para benefici\u00e1rios de rendimentos passivos<\/li>\n<li>Resid\u00eancia para investidores<\/li>\n<li>Resid\u00eancia para trabalhadores independentes ou empreendedores<\/li>\n<li>Resid\u00eancia para trabalhadores estrangeiros<\/li>\n<li>Resid\u00eancia para trabalhadores altamente qualificados<\/li>\n<li>Resid\u00eancia para estudantes<\/li>\n<li>Resid\u00eancia permanente<\/li>\n<li>Reagrupamento familiar<\/li>\n<li>Vistos especiais para professores, estudantes e volunt\u00e1rios<\/li>\n<li>Visto de estada tempor\u00e1ria<\/li>\n<li>Extens\u00e3o de vistos de turismo<\/li>\n<li>Inscri\u00e7\u00e3o na Seguran\u00e7a Social<\/li>\n<li>Naturaliza\u00e7\u00e3o<\/li>\n<li>Troca de cartas de condu\u00e7\u00e3o<\/li>\n<li>Acredita\u00e7\u00e3o de empresas<\/li>\n<li>Pedido de N\u00famero de Identifica\u00e7\u00e3o Fiscal<\/li>\n<\/ul>\n","protected":false},"featured_media":1096,"template":"","meta":{"_acf_changed":false,"_monsterinsights_skip_tracking":false,"_monsterinsights_sitenote_active":false,"_monsterinsights_sitenote_note":"","_monsterinsights_sitenote_category":0},"location":[111,53,9,32,12,10,11,13,14],"class_list":["post-1103","services","type-services","status-publish","has-post-thumbnail","hentry","location-ecuador","location-portugal","location-costa-rica","location-espana","location-el-salvador","location-guatemala","location-honduras","location-nicaragua","location-usa"],"acf":[],"yoast_head":"<!-- This site is optimized with the Yoast SEO plugin v27.0 - https:\/\/yoast.com\/product\/yoast-seo-wordpress\/ -->\n<title>Migra\u00e7\u00e3o - Sfera Legal<\/title>\n<meta name=\"robots\" content=\"index, follow, max-snippet:-1, max-image-preview:large, max-video-preview:-1\" \/>\n<link rel=\"canonical\" href=\"https:\/\/sferalegal.com\/pt-pt\/servicios\/migracao\/\" \/>\n<meta property=\"og:locale\" content=\"pt_PT\" \/>\n<meta property=\"og:type\" content=\"article\" \/>\n<meta property=\"og:title\" content=\"Migra\u00e7\u00e3o - Sfera Legal\" \/>\n<meta property=\"og:description\" content=\"Assessoria legal em assuntos migrat\u00f3rios Resid\u00eancia para pensionistas Resid\u00eancia para benefici\u00e1rios de rendimentos passivos Resid\u00eancia para investidores Resid\u00eancia para trabalhadores independentes ou empreendedores Resid\u00eancia para trabalhadores estrangeiros Resid\u00eancia para trabalhadores altamente qualificados Resid\u00eancia para estudantes Resid\u00eancia permanente Reagrupamento familiar Vistos especiais para professores, estudantes e volunt\u00e1rios Visto de estada tempor\u00e1ria Extens\u00e3o de vistos de turismo [&hellip;]\" \/>\n<meta property=\"og:url\" content=\"https:\/\/sferalegal.com\/pt-pt\/servicios\/migracao\/\" \/>\n<meta property=\"og:site_name\" content=\"Sfera Legal\" \/>\n<meta property=\"article:modified_time\" content=\"2026-03-10T15:09:07+00:00\" \/>\n<meta property=\"og:image\" content=\"https:\/\/sferalegal.com\/wp-content\/uploads\/2024\/01\/service-in.jpg\" \/>\n\t<meta property=\"og:image:width\" content=\"610\" \/>\n\t<meta property=\"og:image:height\" content=\"431\" \/>\n\t<meta property=\"og:image:type\" content=\"image\/jpeg\" \/>\n<meta name=\"twitter:card\" content=\"summary_large_image\" \/>\n<meta name=\"twitter:label1\" content=\"Tempo estimado de leitura\" \/>\n\t<meta name=\"twitter:data1\" content=\"1 minuto\" \/>\n<script type=\"application\/ld+json\" class=\"yoast-schema-graph\">{\"@context\":\"https:\/\/schema.org\",\"@graph\":[{\"@type\":\"WebPage\",\"@id\":\"https:\/\/sferalegal.com\/pt-pt\/servicios\/migracao\/\",\"url\":\"https:\/\/sferalegal.com\/pt-pt\/servicios\/migracao\/\",\"name\":\"Migra\u00e7\u00e3o - Sfera Legal\",\"isPartOf\":{\"@id\":\"https:\/\/sferalegal.staging.tempurl.host\/#website\"},\"primaryImageOfPage\":{\"@id\":\"https:\/\/sferalegal.com\/pt-pt\/servicios\/migracao\/#primaryimage\"},\"image\":{\"@id\":\"https:\/\/sferalegal.com\/pt-pt\/servicios\/migracao\/#primaryimage\"},\"thumbnailUrl\":\"https:\/\/sferalegal.com\/wp-content\/uploads\/2024\/01\/service-in.jpg\",\"datePublished\":\"2024-01-25T17:09:24+00:00\",\"dateModified\":\"2026-03-10T15:09:07+00:00\",\"breadcrumb\":{\"@id\":\"https:\/\/sferalegal.com\/pt-pt\/servicios\/migracao\/#breadcrumb\"},\"inLanguage\":\"pt-PT\",\"potentialAction\":[{\"@type\":\"ReadAction\",\"target\":[\"https:\/\/sferalegal.com\/pt-pt\/servicios\/migracao\/\"]}]},{\"@type\":\"ImageObject\",\"inLanguage\":\"pt-PT\",\"@id\":\"https:\/\/sferalegal.com\/pt-pt\/servicios\/migracao\/#primaryimage\",\"url\":\"https:\/\/sferalegal.com\/wp-content\/uploads\/2024\/01\/service-in.jpg\",\"contentUrl\":\"https:\/\/sferalegal.com\/wp-content\/uploads\/2024\/01\/service-in.jpg\",\"width\":610,\"height\":431},{\"@type\":\"BreadcrumbList\",\"@id\":\"https:\/\/sferalegal.com\/pt-pt\/servicios\/migracao\/#breadcrumb\",\"itemListElement\":[{\"@type\":\"ListItem\",\"position\":1,\"name\":\"Home\",\"item\":\"https:\/\/sferalegal.com\/pt-pt\/\"},{\"@type\":\"ListItem\",\"position\":2,\"name\":\"Services\",\"item\":\"https:\/\/sferalegal.tempurl.host\/services\/\"},{\"@type\":\"ListItem\",\"position\":3,\"name\":\"Migra\u00e7\u00e3o\"}]},{\"@type\":\"WebSite\",\"@id\":\"https:\/\/sferalegal.staging.tempurl.host\/#website\",\"url\":\"https:\/\/sferalegal.staging.tempurl.host\/\",\"name\":\"Sfera Legal\",\"description\":\"Somos os advogados AT\u00cdPICOS que precisa! Somos ousados, espirituosos, transparentes e simples. Vamos trabalhar juntos.\",\"publisher\":{\"@id\":\"https:\/\/sferalegal.staging.tempurl.host\/#organization\"},\"potentialAction\":[{\"@type\":\"SearchAction\",\"target\":{\"@type\":\"EntryPoint\",\"urlTemplate\":\"https:\/\/sferalegal.staging.tempurl.host\/?s={search_term_string}\"},\"query-input\":{\"@type\":\"PropertyValueSpecification\",\"valueRequired\":true,\"valueName\":\"search_term_string\"}}],\"inLanguage\":\"pt-PT\"},{\"@type\":\"Organization\",\"@id\":\"https:\/\/sferalegal.staging.tempurl.host\/#organization\",\"name\":\"Sfera Legal\",\"url\":\"https:\/\/sferalegal.staging.tempurl.host\/\",\"logo\":{\"@type\":\"ImageObject\",\"inLanguage\":\"pt-PT\",\"@id\":\"https:\/\/sferalegal.staging.tempurl.host\/#\/schema\/logo\/image\/\",\"url\":\"https:\/\/sferalegal.com\/wp-content\/uploads\/2025\/02\/cropped-SL_faviconSfera-1.png\",\"contentUrl\":\"https:\/\/sferalegal.com\/wp-content\/uploads\/2025\/02\/cropped-SL_faviconSfera-1.png\",\"width\":32,\"height\":32,\"caption\":\"Sfera Legal\"},\"image\":{\"@id\":\"https:\/\/sferalegal.staging.tempurl.host\/#\/schema\/logo\/image\/\"}}]}<\/script>\n<!-- \/ Yoast SEO plugin. -->","yoast_head_json":{"title":"Migra\u00e7\u00e3o - Sfera Legal","robots":{"index":"index","follow":"follow","max-snippet":"max-snippet:-1","max-image-preview":"max-image-preview:large","max-video-preview":"max-video-preview:-1"},"canonical":"https:\/\/sferalegal.com\/pt-pt\/servicios\/migracao\/","og_locale":"pt_PT","og_type":"article","og_title":"Migra\u00e7\u00e3o - Sfera Legal","og_description":"Assessoria legal em assuntos migrat\u00f3rios Resid\u00eancia para pensionistas Resid\u00eancia para benefici\u00e1rios de rendimentos passivos Resid\u00eancia para investidores Resid\u00eancia para trabalhadores independentes ou empreendedores Resid\u00eancia para trabalhadores estrangeiros Resid\u00eancia para trabalhadores altamente qualificados Resid\u00eancia para estudantes Resid\u00eancia permanente Reagrupamento familiar Vistos especiais para professores, estudantes e volunt\u00e1rios Visto de estada tempor\u00e1ria Extens\u00e3o de vistos de turismo [&hellip;]","og_url":"https:\/\/sferalegal.com\/pt-pt\/servicios\/migracao\/","og_site_name":"Sfera Legal","article_modified_time":"2026-03-10T15:09:07+00:00","og_image":[{"width":610,"height":431,"url":"https:\/\/sferalegal.com\/wp-content\/uploads\/2024\/01\/service-in.jpg","type":"image\/jpeg"}],"twitter_card":"summary_large_image","twitter_misc":{"Tempo estimado de leitura":"1 minuto"},"schema":{"@context":"https:\/\/schema.org","@graph":[{"@type":"WebPage","@id":"https:\/\/sferalegal.com\/pt-pt\/servicios\/migracao\/","url":"https:\/\/sferalegal.com\/pt-pt\/servicios\/migracao\/","name":"Migra\u00e7\u00e3o - Sfera Legal","isPartOf":{"@id":"https:\/\/sferalegal.staging.tempurl.host\/#website"},"primaryImageOfPage":{"@id":"https:\/\/sferalegal.com\/pt-pt\/servicios\/migracao\/#primaryimage"},"image":{"@id":"https:\/\/sferalegal.com\/pt-pt\/servicios\/migracao\/#primaryimage"},"thumbnailUrl":"https:\/\/sferalegal.com\/wp-content\/uploads\/2024\/01\/service-in.jpg","datePublished":"2024-01-25T17:09:24+00:00","dateModified":"2026-03-10T15:09:07+00:00","breadcrumb":{"@id":"https:\/\/sferalegal.com\/pt-pt\/servicios\/migracao\/#breadcrumb"},"inLanguage":"pt-PT","potentialAction":[{"@type":"ReadAction","target":["https:\/\/sferalegal.com\/pt-pt\/servicios\/migracao\/"]}]},{"@type":"ImageObject","inLanguage":"pt-PT","@id":"https:\/\/sferalegal.com\/pt-pt\/servicios\/migracao\/#primaryimage","url":"https:\/\/sferalegal.com\/wp-content\/uploads\/2024\/01\/service-in.jpg","contentUrl":"https:\/\/sferalegal.com\/wp-content\/uploads\/2024\/01\/service-in.jpg","width":610,"height":431},{"@type":"BreadcrumbList","@id":"https:\/\/sferalegal.com\/pt-pt\/servicios\/migracao\/#breadcrumb","itemListElement":[{"@type":"ListItem","position":1,"name":"Home","item":"https:\/\/sferalegal.com\/pt-pt\/"},{"@type":"ListItem","position":2,"name":"Services","item":"https:\/\/sferalegal.tempurl.host\/services\/"},{"@type":"ListItem","position":3,"name":"Migra\u00e7\u00e3o"}]},{"@type":"WebSite","@id":"https:\/\/sferalegal.staging.tempurl.host\/#website","url":"https:\/\/sferalegal.staging.tempurl.host\/","name":"Sfera Legal","description":"Somos os advogados AT\u00cdPICOS que precisa! Somos ousados, espirituosos, transparentes e simples. Vamos trabalhar juntos.","publisher":{"@id":"https:\/\/sferalegal.staging.tempurl.host\/#organization"},"potentialAction":[{"@type":"SearchAction","target":{"@type":"EntryPoint","urlTemplate":"https:\/\/sferalegal.staging.tempurl.host\/?s={search_term_string}"},"query-input":{"@type":"PropertyValueSpecification","valueRequired":true,"valueName":"search_term_string"}}],"inLanguage":"pt-PT"},{"@type":"Organization","@id":"https:\/\/sferalegal.staging.tempurl.host\/#organization","name":"Sfera Legal","url":"https:\/\/sferalegal.staging.tempurl.host\/","logo":{"@type":"ImageObject","inLanguage":"pt-PT","@id":"https:\/\/sferalegal.staging.tempurl.host\/#\/schema\/logo\/image\/","url":"https:\/\/sferalegal.com\/wp-content\/uploads\/2025\/02\/cropped-SL_faviconSfera-1.png","contentUrl":"https:\/\/sferalegal.com\/wp-content\/uploads\/2025\/02\/cropped-SL_faviconSfera-1.png","width":32,"height":32,"caption":"Sfera Legal"},"image":{"@id":"https:\/\/sferalegal.staging.tempurl.host\/#\/schema\/logo\/image\/"}}]}},"_links":{"self":[{"href":"https:\/\/sferalegal.com\/pt-pt\/wp-json\/wp\/v2\/services\/1103","targetHints":{"allow":["GET"]}}],"collection":[{"href":"https:\/\/sferalegal.com\/pt-pt\/wp-json\/wp\/v2\/services"}],"about":[{"href":"https:\/\/sferalegal.com\/pt-pt\/wp-json\/wp\/v2\/types\/services"}],"wp:featuredmedia":[{"embeddable":true,"href":"https:\/\/sferalegal.com\/pt-pt\/wp-json\/wp\/v2\/media\/1096"}],"wp:attachment":[{"href":"https:\/\/sferalegal.com\/pt-pt\/wp-json\/wp\/v2\/media?parent=1103"}],"wp:term":[{"taxonomy":"location","embeddable":true,"href":"https:\/\/sferalegal.com\/pt-pt\/wp-json\/wp\/v2\/location?post=1103"}],"curies":[{"name":"wp","href":"https:\/\/api.w.org\/{rel}","templated":true}]}}

Migração

<ul>
<li>Assessoria legal em assuntos migratórios</li>
<li>Residência para pensionistas</li>
<li>Residência para beneficiários de rendimentos passivos</li>
<li>Residência para investidores</li>
<li>Residência para trabalhadores independentes ou empreendedores</li>
<li>Residência para trabalhadores estrangeiros</li>
<li>Residência para trabalhadores altamente qualificados</li>
<li>Residência para estudantes</li>
<li>Residência permanente</li>
<li>Reagrupamento familiar</li>
<li>Vistos especiais para professores, estudantes e voluntários</li>
<li>Visto de estada temporária</li>
<li>Extensão de vistos de turismo</li>
<li>Inscrição na Segurança Social</li>
<li>Naturalização</li>
<li>Troca de cartas de condução</li>
<li>Acreditação de empresas</li>
<li>Pedido de Número de Identificação Fiscal</li>
</ul>

<!-- This site is optimized with the Yoast SEO plugin v27.0 - https://yoast.com/product/yoast-seo-wordpress/ -->
<title>Migração - Sfera Legal</title>
<meta name="robots" content="index, follow, max-snippet:-1, max-image-preview:large, max-video-preview:-1" />
<link rel="canonical" href="https://sferalegal.com/pt-pt/servicios/migracao/" />
<meta property="og:locale" content="pt_PT" />
<meta property="og:type" content="article" />
<meta property="og:title" content="Migração - Sfera Legal" />
<meta property="og:description" content="Assessoria legal em assuntos migratórios Residência para pensionistas Residência para beneficiários de rendimentos passivos Residência para investidores Residência para trabalhadores independentes ou empreendedores Residência para trabalhadores estrangeiros Residência para trabalhadores altamente qualificados Residência para estudantes Residência permanente Reagrupamento familiar Vistos especiais para professores, estudantes e voluntários Visto de estada temporária Extensão de vistos de turismo [&hellip;]" />
<meta property="og:url" content="https://sferalegal.com/pt-pt/servicios/migracao/" />
<meta property="og:site_name" content="Sfera Legal" />
<meta property="article:modified_time" content="2026-03-10T15:09:07+00:00" />
<meta property="og:image" content="https://sferalegal.com/wp-content/uploads/2024/01/service-in.jpg" />
	<meta property="og:image:width" content="610" />
	<meta property="og:image:height" content="431" />
	<meta property="og:image:type" content="image/jpeg" />
<meta name="twitter:card" content="summary_large_image" />
<meta name="twitter:label1" content="Tempo estimado de leitura" />
	<meta name="twitter:data1" content="1 minuto" />
<script type="application/ld+json" class="yoast-schema-graph">{"@context":"https://schema.org","@graph":[{"@type":"WebPage","@id":"https://sferalegal.com/pt-pt/servicios/migracao/","url":"https://sferalegal.com/pt-pt/servicios/migracao/","name":"Migração - Sfera Legal","isPartOf":{"@id":"https://sferalegal.staging.tempurl.host/#website"},"primaryImageOfPage":{"@id":"https://sferalegal.com/pt-pt/servicios/migracao/#primaryimage"},"image":{"@id":"https://sferalegal.com/pt-pt/servicios/migracao/#primaryimage"},"thumbnailUrl":"https://sferalegal.com/wp-content/uploads/2024/01/service-in.jpg","datePublished":"2024-01-25T17:09:24+00:00","dateModified":"2026-03-10T15:09:07+00:00","breadcrumb":{"@id":"https://sferalegal.com/pt-pt/servicios/migracao/#breadcrumb"},"inLanguage":"pt-PT","potentialAction":[{"@type":"ReadAction","target":["https://sferalegal.com/pt-pt/servicios/migracao/"]}]},{"@type":"ImageObject","inLanguage":"pt-PT","@id":"https://sferalegal.com/pt-pt/servicios/migracao/#primaryimage","url":"https://sferalegal.com/wp-content/uploads/2024/01/service-in.jpg","contentUrl":"https://sferalegal.com/wp-content/uploads/2024/01/service-in.jpg","width":610,"height":431},{"@type":"BreadcrumbList","@id":"https://sferalegal.com/pt-pt/servicios/migracao/#breadcrumb","itemListElement":[{"@type":"ListItem","position":1,"name":"Home","item":"https://sferalegal.com/pt-pt/"},{"@type":"ListItem","position":2,"name":"Services","item":"https://sferalegal.tempurl.host/services/"},{"@type":"ListItem","position":3,"name":"Migração"}]},{"@type":"WebSite","@id":"https://sferalegal.staging.tempurl.host/#website","url":"https://sferalegal.staging.tempurl.host/","name":"Sfera Legal","description":"Somos os advogados ATÍPICOS que precisa! Somos ousados, espirituosos, transparentes e simples. Vamos trabalhar juntos.","publisher":{"@id":"https://sferalegal.staging.tempurl.host/#organization"},"potentialAction":[{"@type":"SearchAction","target":{"@type":"EntryPoint","urlTemplate":"https://sferalegal.staging.tempurl.host/?s={search_term_string}"},"query-input":{"@type":"PropertyValueSpecification","valueRequired":true,"valueName":"search_term_string"}}],"inLanguage":"pt-PT"},{"@type":"Organization","@id":"https://sferalegal.staging.tempurl.host/#organization","name":"Sfera Legal","url":"https://sferalegal.staging.tempurl.host/","logo":{"@type":"ImageObject","inLanguage":"pt-PT","@id":"https://sferalegal.staging.tempurl.host/#/schema/logo/image/","url":"https://sferalegal.com/wp-content/uploads/2025/02/cropped-SL_faviconSfera-1.png","contentUrl":"https://sferalegal.com/wp-content/uploads/2025/02/cropped-SL_faviconSfera-1.png","width":32,"height":32,"caption":"Sfera Legal"},"image":{"@id":"https://sferalegal.staging.tempurl.host/#/schema/logo/image/"}}]}</script>
<!-- / Yoast SEO plugin. -->

Migração - Sfera Legal

Assessoria legal em assuntos migratórios Residência para pensionistas Residência para beneficiários de rendimentos passivos Residência para investidores Residência para trabalhadores independentes ou empreendedores Residência para trabalhadores estrangeiros Residência para trabalhadores altamente qualificados Residência para estudantes Residência permanente Reagrupamento familiar Vistos especiais para professores, estudantes e voluntários Visto de estada temporária Extensão de vistos de turismo [&hellip;]

Somos os advogados ATÍPICOS que precisa! Somos ousados, espirituosos, transparentes e simples. Vamos trabalhar juntos.
