{"id":1094,"date":"2024-01-25T10:13:58","date_gmt":"2024-01-25T16:13:58","guid":{"rendered":"https:\/\/sferalegal.com\/services\/administracao-de-ativos\/"},"modified":"2026-03-10T09:10:13","modified_gmt":"2026-03-10T15:10:13","slug":"administracao-de-ativos","status":"publish","type":"services","link":"https:\/\/sferalegal.com\/pt-pt\/servicios\/administracao-de-ativos\/","title":{"rendered":"Administra\u00e7\u00e3o de ativos"},"content":{"rendered":"<div style=\"margin: 0; padding: 0; line-height: 1.4;\">\n<h3 style=\"color: #fff !important; margin: 0 !important; padding: 0 !important;\">\n    Servi\u00e7o de Secretariado Societ\u00e1rio<br \/>\n  <\/h3>\n<ul style=\"margin: 0 !important; padding: 0 0 10px 20px !important;\">\n<li>Guarda de livros de atas<\/li>\n<li>Domicilia\u00e7\u00e3o de empresas e representa\u00e7\u00e3o fiscal<\/li>\n<li>Preenchimento das declara\u00e7\u00f5es anuais de Imposto sobre o Rendimento das Pessoas Coletivas e de Imposto Municipal sobre Im\u00f3veis<\/li>\n<li>Preenchimento da declara\u00e7\u00e3o mensal do Imposto de Selo<\/li>\n<li>Preenchimento do Registo Central do Benefici\u00e1rio Efetivo<\/li>\n<li>Apresenta\u00e7\u00e3o de registos comerciais<\/li>\n<li>Assembleia Geral Anual de S\u00f3cios\/Acionistas<\/li>\n<\/ul>\n<h3 style=\"color: #fff !important; margin: 0 !important; padding: 0 !important;\">\n    Servi\u00e7os Empresariais e de Gest\u00e3o Imobili\u00e1ria<br \/>\n  <\/h3>\n<ul style=\"margin: 0 !important; padding: 0 0 10px 20px !important;\">\n<li>Coordena\u00e7\u00e3o de avalia\u00e7\u00f5es de im\u00f3veis<\/li>\n<li>Preenchimento da declara\u00e7\u00e3o e liquida\u00e7\u00e3o do Imposto Municipal sobre Transmiss\u00f5es Onerosas de Im\u00f3veis<\/li>\n<li>Preenchimento da declara\u00e7\u00e3o e liquida\u00e7\u00e3o do Imposto sobre as Mais Valias<\/li>\n<li>Cadernetas prediais<\/li>\n<li>Atualiza\u00e7\u00e3o das cadernetas prediais<\/li>\n<li>Comunica\u00e7\u00e3o de in\u00edcio de atividade no Portal das Finan\u00e7as<\/li>\n<\/ul>\n<h3 style=\"color: #fff !important; margin: 0 !important; padding: 0 !important;\">\n    Servi\u00e7o de Pagamentos Recorrentes<br \/>\n  <\/h3>\n<p style=\"margin: 0 !important; padding: 0 0 4px 0 !important; color: #fff;\">\n    Processamento de despesas mensais, incluindo:\n  <\/p>\n<ul style=\"margin: 0 !important; padding: 0 0 0 20px !important;\">\n<li>Despesas de condom\u00ednio<\/li>\n<li>Imposto sobre o Rendimento de Pessoas Singulares<\/li>\n<li>Seguran\u00e7a Social<\/li>\n<li>Sal\u00e1rios<\/li>\n<li>Ap\u00f3lices de Seguro<\/li>\n<li>Faturas<\/li>\n<li>Etc.<\/li>\n<\/ul>\n<p>  &nbsp;<\/p>\n<\/div>\n","protected":false},"featured_media":1096,"template":"","meta":{"_acf_changed":false,"_monsterinsights_skip_tracking":false,"_monsterinsights_sitenote_active":false,"_monsterinsights_sitenote_note":"","_monsterinsights_sitenote_category":0},"location":[111,53,9,32,12,10,11,13,14],"class_list":["post-1094","services","type-services","status-publish","has-post-thumbnail","hentry","location-ecuador","location-portugal","location-costa-rica","location-espana","location-el-salvador","location-guatemala","location-honduras","location-nicaragua","location-usa"],"acf":[],"yoast_head":"<!-- This site is optimized with the Yoast SEO plugin v27.0 - https:\/\/yoast.com\/product\/yoast-seo-wordpress\/ -->\n<title>Administra\u00e7\u00e3o de ativos - Sfera Legal<\/title>\n<meta name=\"robots\" content=\"index, follow, max-snippet:-1, max-image-preview:large, max-video-preview:-1\" \/>\n<link rel=\"canonical\" href=\"https:\/\/sferalegal.com\/pt-pt\/servicios\/administracao-de-ativos\/\" \/>\n<meta property=\"og:locale\" content=\"pt_PT\" \/>\n<meta property=\"og:type\" content=\"article\" \/>\n<meta property=\"og:title\" content=\"Administra\u00e7\u00e3o de ativos - Sfera Legal\" \/>\n<meta property=\"og:description\" content=\"Servi\u00e7o de Secretariado Societ\u00e1rio Guarda de livros de atas Domicilia\u00e7\u00e3o de empresas e representa\u00e7\u00e3o fiscal Preenchimento das declara\u00e7\u00f5es anuais de Imposto sobre o Rendimento das Pessoas Coletivas e de Imposto Municipal sobre Im\u00f3veis Preenchimento da declara\u00e7\u00e3o mensal do Imposto de Selo Preenchimento do Registo Central do Benefici\u00e1rio Efetivo Apresenta\u00e7\u00e3o de registos comerciais Assembleia Geral Anual [&hellip;]\" \/>\n<meta property=\"og:url\" content=\"https:\/\/sferalegal.com\/pt-pt\/servicios\/administracao-de-ativos\/\" \/>\n<meta property=\"og:site_name\" content=\"Sfera Legal\" \/>\n<meta property=\"article:modified_time\" content=\"2026-03-10T15:10:13+00:00\" \/>\n<meta property=\"og:image\" content=\"https:\/\/sferalegal.com\/wp-content\/uploads\/2024\/01\/service-in.jpg\" \/>\n\t<meta property=\"og:image:width\" content=\"610\" \/>\n\t<meta property=\"og:image:height\" content=\"431\" \/>\n\t<meta property=\"og:image:type\" content=\"image\/jpeg\" \/>\n<meta name=\"twitter:card\" content=\"summary_large_image\" \/>\n<meta name=\"twitter:label1\" content=\"Tempo estimado de leitura\" \/>\n\t<meta name=\"twitter:data1\" content=\"1 minuto\" \/>\n<script type=\"application\/ld+json\" class=\"yoast-schema-graph\">{\"@context\":\"https:\/\/schema.org\",\"@graph\":[{\"@type\":\"WebPage\",\"@id\":\"https:\/\/sferalegal.com\/pt-pt\/servicios\/administracao-de-ativos\/\",\"url\":\"https:\/\/sferalegal.com\/pt-pt\/servicios\/administracao-de-ativos\/\",\"name\":\"Administra\u00e7\u00e3o de ativos - Sfera Legal\",\"isPartOf\":{\"@id\":\"https:\/\/sferalegal.staging.tempurl.host\/#website\"},\"primaryImageOfPage\":{\"@id\":\"https:\/\/sferalegal.com\/pt-pt\/servicios\/administracao-de-ativos\/#primaryimage\"},\"image\":{\"@id\":\"https:\/\/sferalegal.com\/pt-pt\/servicios\/administracao-de-ativos\/#primaryimage\"},\"thumbnailUrl\":\"https:\/\/sferalegal.com\/wp-content\/uploads\/2024\/01\/service-in.jpg\",\"datePublished\":\"2024-01-25T16:13:58+00:00\",\"dateModified\":\"2026-03-10T15:10:13+00:00\",\"breadcrumb\":{\"@id\":\"https:\/\/sferalegal.com\/pt-pt\/servicios\/administracao-de-ativos\/#breadcrumb\"},\"inLanguage\":\"pt-PT\",\"potentialAction\":[{\"@type\":\"ReadAction\",\"target\":[\"https:\/\/sferalegal.com\/pt-pt\/servicios\/administracao-de-ativos\/\"]}]},{\"@type\":\"ImageObject\",\"inLanguage\":\"pt-PT\",\"@id\":\"https:\/\/sferalegal.com\/pt-pt\/servicios\/administracao-de-ativos\/#primaryimage\",\"url\":\"https:\/\/sferalegal.com\/wp-content\/uploads\/2024\/01\/service-in.jpg\",\"contentUrl\":\"https:\/\/sferalegal.com\/wp-content\/uploads\/2024\/01\/service-in.jpg\",\"width\":610,\"height\":431},{\"@type\":\"BreadcrumbList\",\"@id\":\"https:\/\/sferalegal.com\/pt-pt\/servicios\/administracao-de-ativos\/#breadcrumb\",\"itemListElement\":[{\"@type\":\"ListItem\",\"position\":1,\"name\":\"Home\",\"item\":\"https:\/\/sferalegal.com\/pt-pt\/\"},{\"@type\":\"ListItem\",\"position\":2,\"name\":\"Services\",\"item\":\"https:\/\/sferalegal.tempurl.host\/services\/\"},{\"@type\":\"ListItem\",\"position\":3,\"name\":\"Administra\u00e7\u00e3o de ativos\"}]},{\"@type\":\"WebSite\",\"@id\":\"https:\/\/sferalegal.staging.tempurl.host\/#website\",\"url\":\"https:\/\/sferalegal.staging.tempurl.host\/\",\"name\":\"Sfera Legal\",\"description\":\"Somos os advogados AT\u00cdPICOS que precisa! Somos ousados, espirituosos, transparentes e simples. Vamos trabalhar juntos.\",\"publisher\":{\"@id\":\"https:\/\/sferalegal.staging.tempurl.host\/#organization\"},\"potentialAction\":[{\"@type\":\"SearchAction\",\"target\":{\"@type\":\"EntryPoint\",\"urlTemplate\":\"https:\/\/sferalegal.staging.tempurl.host\/?s={search_term_string}\"},\"query-input\":{\"@type\":\"PropertyValueSpecification\",\"valueRequired\":true,\"valueName\":\"search_term_string\"}}],\"inLanguage\":\"pt-PT\"},{\"@type\":\"Organization\",\"@id\":\"https:\/\/sferalegal.staging.tempurl.host\/#organization\",\"name\":\"Sfera Legal\",\"url\":\"https:\/\/sferalegal.staging.tempurl.host\/\",\"logo\":{\"@type\":\"ImageObject\",\"inLanguage\":\"pt-PT\",\"@id\":\"https:\/\/sferalegal.staging.tempurl.host\/#\/schema\/logo\/image\/\",\"url\":\"https:\/\/sferalegal.com\/wp-content\/uploads\/2025\/02\/cropped-SL_faviconSfera-1.png\",\"contentUrl\":\"https:\/\/sferalegal.com\/wp-content\/uploads\/2025\/02\/cropped-SL_faviconSfera-1.png\",\"width\":32,\"height\":32,\"caption\":\"Sfera Legal\"},\"image\":{\"@id\":\"https:\/\/sferalegal.staging.tempurl.host\/#\/schema\/logo\/image\/\"}}]}<\/script>\n<!-- \/ Yoast SEO plugin. -->","yoast_head_json":{"title":"Administra\u00e7\u00e3o de ativos - Sfera Legal","robots":{"index":"index","follow":"follow","max-snippet":"max-snippet:-1","max-image-preview":"max-image-preview:large","max-video-preview":"max-video-preview:-1"},"canonical":"https:\/\/sferalegal.com\/pt-pt\/servicios\/administracao-de-ativos\/","og_locale":"pt_PT","og_type":"article","og_title":"Administra\u00e7\u00e3o de ativos - Sfera Legal","og_description":"Servi\u00e7o de Secretariado Societ\u00e1rio Guarda de livros de atas Domicilia\u00e7\u00e3o de empresas e representa\u00e7\u00e3o fiscal Preenchimento das declara\u00e7\u00f5es anuais de Imposto sobre o Rendimento das Pessoas Coletivas e de Imposto Municipal sobre Im\u00f3veis Preenchimento da declara\u00e7\u00e3o mensal do Imposto de Selo Preenchimento do Registo Central do Benefici\u00e1rio Efetivo Apresenta\u00e7\u00e3o de registos comerciais Assembleia Geral Anual [&hellip;]","og_url":"https:\/\/sferalegal.com\/pt-pt\/servicios\/administracao-de-ativos\/","og_site_name":"Sfera Legal","article_modified_time":"2026-03-10T15:10:13+00:00","og_image":[{"width":610,"height":431,"url":"https:\/\/sferalegal.com\/wp-content\/uploads\/2024\/01\/service-in.jpg","type":"image\/jpeg"}],"twitter_card":"summary_large_image","twitter_misc":{"Tempo estimado de leitura":"1 minuto"},"schema":{"@context":"https:\/\/schema.org","@graph":[{"@type":"WebPage","@id":"https:\/\/sferalegal.com\/pt-pt\/servicios\/administracao-de-ativos\/","url":"https:\/\/sferalegal.com\/pt-pt\/servicios\/administracao-de-ativos\/","name":"Administra\u00e7\u00e3o de ativos - Sfera Legal","isPartOf":{"@id":"https:\/\/sferalegal.staging.tempurl.host\/#website"},"primaryImageOfPage":{"@id":"https:\/\/sferalegal.com\/pt-pt\/servicios\/administracao-de-ativos\/#primaryimage"},"image":{"@id":"https:\/\/sferalegal.com\/pt-pt\/servicios\/administracao-de-ativos\/#primaryimage"},"thumbnailUrl":"https:\/\/sferalegal.com\/wp-content\/uploads\/2024\/01\/service-in.jpg","datePublished":"2024-01-25T16:13:58+00:00","dateModified":"2026-03-10T15:10:13+00:00","breadcrumb":{"@id":"https:\/\/sferalegal.com\/pt-pt\/servicios\/administracao-de-ativos\/#breadcrumb"},"inLanguage":"pt-PT","potentialAction":[{"@type":"ReadAction","target":["https:\/\/sferalegal.com\/pt-pt\/servicios\/administracao-de-ativos\/"]}]},{"@type":"ImageObject","inLanguage":"pt-PT","@id":"https:\/\/sferalegal.com\/pt-pt\/servicios\/administracao-de-ativos\/#primaryimage","url":"https:\/\/sferalegal.com\/wp-content\/uploads\/2024\/01\/service-in.jpg","contentUrl":"https:\/\/sferalegal.com\/wp-content\/uploads\/2024\/01\/service-in.jpg","width":610,"height":431},{"@type":"BreadcrumbList","@id":"https:\/\/sferalegal.com\/pt-pt\/servicios\/administracao-de-ativos\/#breadcrumb","itemListElement":[{"@type":"ListItem","position":1,"name":"Home","item":"https:\/\/sferalegal.com\/pt-pt\/"},{"@type":"ListItem","position":2,"name":"Services","item":"https:\/\/sferalegal.tempurl.host\/services\/"},{"@type":"ListItem","position":3,"name":"Administra\u00e7\u00e3o de ativos"}]},{"@type":"WebSite","@id":"https:\/\/sferalegal.staging.tempurl.host\/#website","url":"https:\/\/sferalegal.staging.tempurl.host\/","name":"Sfera Legal","description":"Somos os advogados AT\u00cdPICOS que precisa! Somos ousados, espirituosos, transparentes e simples. Vamos trabalhar juntos.","publisher":{"@id":"https:\/\/sferalegal.staging.tempurl.host\/#organization"},"potentialAction":[{"@type":"SearchAction","target":{"@type":"EntryPoint","urlTemplate":"https:\/\/sferalegal.staging.tempurl.host\/?s={search_term_string}"},"query-input":{"@type":"PropertyValueSpecification","valueRequired":true,"valueName":"search_term_string"}}],"inLanguage":"pt-PT"},{"@type":"Organization","@id":"https:\/\/sferalegal.staging.tempurl.host\/#organization","name":"Sfera Legal","url":"https:\/\/sferalegal.staging.tempurl.host\/","logo":{"@type":"ImageObject","inLanguage":"pt-PT","@id":"https:\/\/sferalegal.staging.tempurl.host\/#\/schema\/logo\/image\/","url":"https:\/\/sferalegal.com\/wp-content\/uploads\/2025\/02\/cropped-SL_faviconSfera-1.png","contentUrl":"https:\/\/sferalegal.com\/wp-content\/uploads\/2025\/02\/cropped-SL_faviconSfera-1.png","width":32,"height":32,"caption":"Sfera Legal"},"image":{"@id":"https:\/\/sferalegal.staging.tempurl.host\/#\/schema\/logo\/image\/"}}]}},"_links":{"self":[{"href":"https:\/\/sferalegal.com\/pt-pt\/wp-json\/wp\/v2\/services\/1094","targetHints":{"allow":["GET"]}}],"collection":[{"href":"https:\/\/sferalegal.com\/pt-pt\/wp-json\/wp\/v2\/services"}],"about":[{"href":"https:\/\/sferalegal.com\/pt-pt\/wp-json\/wp\/v2\/types\/services"}],"wp:featuredmedia":[{"embeddable":true,"href":"https:\/\/sferalegal.com\/pt-pt\/wp-json\/wp\/v2\/media\/1096"}],"wp:attachment":[{"href":"https:\/\/sferalegal.com\/pt-pt\/wp-json\/wp\/v2\/media?parent=1094"}],"wp:term":[{"taxonomy":"location","embeddable":true,"href":"https:\/\/sferalegal.com\/pt-pt\/wp-json\/wp\/v2\/location?post=1094"}],"curies":[{"name":"wp","href":"https:\/\/api.w.org\/{rel}","templated":true}]}}

Administração de ativos

<div style="margin: 0; padding: 0; line-height: 1.4;">
<h3 style="color: #fff !important; margin: 0 !important; padding: 0 !important;">
    Serviço de Secretariado Societário<br />
  </h3>
<ul style="margin: 0 !important; padding: 0 0 10px 20px !important;">
<li>Guarda de livros de atas</li>
<li>Domiciliação de empresas e representação fiscal</li>
<li>Preenchimento das declarações anuais de Imposto sobre o Rendimento das Pessoas Coletivas e de Imposto Municipal sobre Imóveis</li>
<li>Preenchimento da declaração mensal do Imposto de Selo</li>
<li>Preenchimento do Registo Central do Beneficiário Efetivo</li>
<li>Apresentação de registos comerciais</li>
<li>Assembleia Geral Anual de Sócios/Acionistas</li>
</ul>
<h3 style="color: #fff !important; margin: 0 !important; padding: 0 !important;">
    Serviços Empresariais e de Gestão Imobiliária<br />
  </h3>
<ul style="margin: 0 !important; padding: 0 0 10px 20px !important;">
<li>Coordenação de avaliações de imóveis</li>
<li>Preenchimento da declaração e liquidação do Imposto Municipal sobre Transmissões Onerosas de Imóveis</li>
<li>Preenchimento da declaração e liquidação do Imposto sobre as Mais Valias</li>
<li>Cadernetas prediais</li>
<li>Atualização das cadernetas prediais</li>
<li>Comunicação de início de atividade no Portal das Finanças</li>
</ul>
<h3 style="color: #fff !important; margin: 0 !important; padding: 0 !important;">
    Serviço de Pagamentos Recorrentes<br />
  </h3>
<p style="margin: 0 !important; padding: 0 0 4px 0 !important; color: #fff;">
    Processamento de despesas mensais, incluindo:
  </p>
<ul style="margin: 0 !important; padding: 0 0 0 20px !important;">
<li>Despesas de condomínio</li>
<li>Imposto sobre o Rendimento de Pessoas Singulares</li>
<li>Segurança Social</li>
<li>Salários</li>
<li>Apólices de Seguro</li>
<li>Faturas</li>
<li>Etc.</li>
</ul>
<p>  &nbsp;</p>
</div>

<!-- This site is optimized with the Yoast SEO plugin v27.0 - https://yoast.com/product/yoast-seo-wordpress/ -->
<title>Administração de ativos - Sfera Legal</title>
<meta name="robots" content="index, follow, max-snippet:-1, max-image-preview:large, max-video-preview:-1" />
<link rel="canonical" href="https://sferalegal.com/pt-pt/servicios/administracao-de-ativos/" />
<meta property="og:locale" content="pt_PT" />
<meta property="og:type" content="article" />
<meta property="og:title" content="Administração de ativos - Sfera Legal" />
<meta property="og:description" content="Serviço de Secretariado Societário Guarda de livros de atas Domiciliação de empresas e representação fiscal Preenchimento das declarações anuais de Imposto sobre o Rendimento das Pessoas Coletivas e de Imposto Municipal sobre Imóveis Preenchimento da declaração mensal do Imposto de Selo Preenchimento do Registo Central do Beneficiário Efetivo Apresentação de registos comerciais Assembleia Geral Anual [&hellip;]" />
<meta property="og:url" content="https://sferalegal.com/pt-pt/servicios/administracao-de-ativos/" />
<meta property="og:site_name" content="Sfera Legal" />
<meta property="article:modified_time" content="2026-03-10T15:10:13+00:00" />
<meta property="og:image" content="https://sferalegal.com/wp-content/uploads/2024/01/service-in.jpg" />
	<meta property="og:image:width" content="610" />
	<meta property="og:image:height" content="431" />
	<meta property="og:image:type" content="image/jpeg" />
<meta name="twitter:card" content="summary_large_image" />
<meta name="twitter:label1" content="Tempo estimado de leitura" />
	<meta name="twitter:data1" content="1 minuto" />
<script type="application/ld+json" class="yoast-schema-graph">{"@context":"https://schema.org","@graph":[{"@type":"WebPage","@id":"https://sferalegal.com/pt-pt/servicios/administracao-de-ativos/","url":"https://sferalegal.com/pt-pt/servicios/administracao-de-ativos/","name":"Administração de ativos - Sfera Legal","isPartOf":{"@id":"https://sferalegal.staging.tempurl.host/#website"},"primaryImageOfPage":{"@id":"https://sferalegal.com/pt-pt/servicios/administracao-de-ativos/#primaryimage"},"image":{"@id":"https://sferalegal.com/pt-pt/servicios/administracao-de-ativos/#primaryimage"},"thumbnailUrl":"https://sferalegal.com/wp-content/uploads/2024/01/service-in.jpg","datePublished":"2024-01-25T16:13:58+00:00","dateModified":"2026-03-10T15:10:13+00:00","breadcrumb":{"@id":"https://sferalegal.com/pt-pt/servicios/administracao-de-ativos/#breadcrumb"},"inLanguage":"pt-PT","potentialAction":[{"@type":"ReadAction","target":["https://sferalegal.com/pt-pt/servicios/administracao-de-ativos/"]}]},{"@type":"ImageObject","inLanguage":"pt-PT","@id":"https://sferalegal.com/pt-pt/servicios/administracao-de-ativos/#primaryimage","url":"https://sferalegal.com/wp-content/uploads/2024/01/service-in.jpg","contentUrl":"https://sferalegal.com/wp-content/uploads/2024/01/service-in.jpg","width":610,"height":431},{"@type":"BreadcrumbList","@id":"https://sferalegal.com/pt-pt/servicios/administracao-de-ativos/#breadcrumb","itemListElement":[{"@type":"ListItem","position":1,"name":"Home","item":"https://sferalegal.com/pt-pt/"},{"@type":"ListItem","position":2,"name":"Services","item":"https://sferalegal.tempurl.host/services/"},{"@type":"ListItem","position":3,"name":"Administração de ativos"}]},{"@type":"WebSite","@id":"https://sferalegal.staging.tempurl.host/#website","url":"https://sferalegal.staging.tempurl.host/","name":"Sfera Legal","description":"Somos os advogados ATÍPICOS que precisa! Somos ousados, espirituosos, transparentes e simples. Vamos trabalhar juntos.","publisher":{"@id":"https://sferalegal.staging.tempurl.host/#organization"},"potentialAction":[{"@type":"SearchAction","target":{"@type":"EntryPoint","urlTemplate":"https://sferalegal.staging.tempurl.host/?s={search_term_string}"},"query-input":{"@type":"PropertyValueSpecification","valueRequired":true,"valueName":"search_term_string"}}],"inLanguage":"pt-PT"},{"@type":"Organization","@id":"https://sferalegal.staging.tempurl.host/#organization","name":"Sfera Legal","url":"https://sferalegal.staging.tempurl.host/","logo":{"@type":"ImageObject","inLanguage":"pt-PT","@id":"https://sferalegal.staging.tempurl.host/#/schema/logo/image/","url":"https://sferalegal.com/wp-content/uploads/2025/02/cropped-SL_faviconSfera-1.png","contentUrl":"https://sferalegal.com/wp-content/uploads/2025/02/cropped-SL_faviconSfera-1.png","width":32,"height":32,"caption":"Sfera Legal"},"image":{"@id":"https://sferalegal.staging.tempurl.host/#/schema/logo/image/"}}]}</script>
<!-- / Yoast SEO plugin. -->

Administração de ativos - Sfera Legal

Serviço de Secretariado Societário Guarda de livros de atas Domiciliação de empresas e representação fiscal Preenchimento das declarações anuais de Imposto sobre o Rendimento das Pessoas Coletivas e de Imposto Municipal sobre Imóveis Preenchimento da declaração mensal do Imposto de Selo Preenchimento do Registo Central do Beneficiário Efetivo Apresentação de registos comerciais Assembleia Geral Anual [&hellip;]

Somos os advogados ATÍPICOS que precisa! Somos ousados, espirituosos, transparentes e simples. Vamos trabalhar juntos.
